 + 14464. What is d(34)?
-1958
Let q(o) = -3*o**2 - 57*o + 1587. What is q(11)?
597
Let y(n) = -3119*n - 109076. What is y(-35)?
89
Let p(j) = -18*j**2 + 763*j - 3026. Give p(38).
-24
Let t(m) = -m**2 - 111*m + 1951. Calculate t(-125).
201
Let m(f) = -698*f + 128452. Calculate m(184).
20
Let l(s) = 748*s**2 - 65828*s + 346. Give l(88).
-6
Let z(k) = -219690*k + 49869636. Calculate z(227).
6
Let h(s) = -44196*s - 88340. Give h(-2).
52
Let s(d) = d**2 - 66*d + 816. Determine s(30).
-264
Let u(z) = -z**2 + 3441*z + 51821. Determine u(-15).
-19
Let h(p) = 2*p**3 + 5*p**2 - 12826*p - 38488. Calculate h(-3).
-19
Let v(x) = 219*x**2 - 83*x - 246. Calculate v(-3).
1974
Let v(g) = -12*g**3 + 197*g**2 - 17*g + 3. Determine v(16).
1011
Let b(j) = -224836*j + 4946426. Calculate b(22).
34
Let s(m) = m**2 + 313*m + 5397. Determine s(-19).
-189
Let i(l) = -1183*l - 137280. Calculate i(-116).
-52
Let v(u) = 4*u**2 - 75*u - 10. Give v(0).
-10
Let h(i) = 113383*i - 566865. What is h(5)?
50
Let z(r) = -626387*r - 5011103. What is z(-8)?
-7
Let l(h) = -h**3 - 3*h**2 - 203*h + 895. Calculate l(4).
-29
Let s(y) = y**3 + 79*y**2 - 908*y - 876. Give s(-89).
726
Let o(u) = -2*u**2 - 201*u - 7647. Give o(-52).
-2603
Let c(i) = 6*i**3 - 2482*i**2 - 3312*i - 3329. Determine c(415).
-9
Let u(t) = -16*t**3 - 178*t**2 - 52*t - 31. Calculate u(-11).
299
Let s(u) = -11*u**3 + 116*u**2 + 7*u + 4. Calculate s(11).
-524
Let t(m) = 1812*m + 67011. Calculate t(-37).
-33
Let k(n) = -n**3 - 74*n**2 - 819*n - 54416. What is k(-73)?
42
Let t(b) = 30695*b - 92092. Calculate t(3).
-7
Let x(b) = -1122*b**2 + 32532*b + 165. Calculate x(29).
-9
Let c(l) = -l**3 - 278*l**2 - 1150*l - 319689. What is c(-278)?
11
Let d(g) = -98*g - 25857. Give d(-264).
15
Let w(g) = -6436*g + 566297. Determine w(88).
-71
Let v(c) = -17435*c - 104599. Calculate v(-6).
11
Let n(k) = -1819*k + 8647. Calculate n(5).
-448
Let d(u) = -u**3 - 261*u**2 - 1519*u + 1794. Determine d(-7).
-19
Let o(l) = -13*l**2 + 40287*l - 40289. Give o(1).
-15
Let g(a) = 398*a**2 - 1627*a - 1630. Calculate g(-1).
395
Let u(c) = 9370*c + 1452341. Give u(-155).
-9
Let y(m) = -50*m**2 + 42*m + 69. Calculate y(2).
-47
Let b(k) = 2*k**3 - 203*k**2 + 3987*k + 826. Calculate b(27).
-146
Let y(r) = 2*r**2 + 5693*r + 34162. What is y(-6)?
76
Let o(p) = -5*p**2 + 55*p + 2146. What is o(37)?
-2664
Let l(c) = 3*c**2 - 270*c + 5356. Determine l(58).
-212
Let i(r) = -r**3 + 124*r**2 - 1630*r - 111. Give i(109).
434
Let a(u) = -u**3 + 458*u**2 + 7577*u + 3663. Calculate a(474).
345
Let p(f) = -284*f**2 - 1973*f - 1406. Determine p(-6).
208
Let s(w) = 58*w**3 + 2*w**2 - 15*w + 3. Determine s(2).
445
Let c(a) = -a**3 - 25*a**2 - 26*a - 761. What is c(-22)?
-1641
Let i(x) = x**3 + 43*x**2 + 402*x - 563. What is i(-22)?
757
Let w(a) = 24564*a - 10120374. Calculate w(412).
-6
Let g(p) = -2*p**3 - 39*p**2 - 20*p + 279. What is g(-19)?
298
Let n(i) = -143*i**2 + 123*i + 317. Give n(-2).
-501
Let d(w) = 79602*w - 636755. What is d(8)?
61
Let i(m) = 32*m**2 - 557*m + 1980. Determine i(6).
-210
Let z(i) = 905*i - 3781. What is z(2)?
-1971
Let s(l) = -l**2 - 167*l - 524. Give s(-14).
1618
Let s(u) = 28*u**3 + 42*u**2 + 1275*u + 1234. What is s(-1)?
-27
Let f(s) = s**2 + 573*s + 5712. Determine f(-10).
82
Let n(p) = 765*p + 153683. Give n(-201).
-82
Let q(p) = p**3 - 2*p**2 - 27787*p + 55570. Calculate q(2).
-4
Let x(j) = 4*j**3 - 118*j**2 + 569*j + 470. Determine x(7).
43
Let q(b) = 2*b**2 + 189*b + 508. Determine q(-88).
-636
Let q(w) = -2*w**3 - 248*w**2 - 5887*w + 58. Give q(-32).
26
Let z(g) = g**3 + 45*g**2 - 1503*g - 37933. Determine z(-19).
10
Let u(a) = 17*a**3 + 7323*a**2 - 1724*a + 548. Give u(-431).
548
Let d(z) = 4*z**2 - 22398*z - 13. Calculate d(0).
-13
Let f(n) = 2*n**3 + 33*n**2 - 24*n - 978. Determine f(-16).
-338
Let b(s) = -3568*s + 24980. What is b(7)?
4
Let v(x) = 14*x**2 - 414*x - 468. Calculate v(42).
6840
Let j(l) = -4*l**3 + 684*l**2 - 675*l - 709. Calculate j(170).
141
Let k(a) = 1284963*a + 11564660. Calculate k(-9).
-7
Let p(z) = 3590*z - 27744. What is p(8)?
976
Let d(f) = 16731*f**2 + 117107*f - 23. Give d(-7).
47
Let n(d) = d**3 - 20*d**2 + 39*d + 330. What is n(10)?
-280
Let f(m) = -11472*m + 34366. Calculate f(3).
-50
Let r(s) = 106*s - 6292. Determine r(55).
-462
Let w(t) = -945*t - 9461. What is w(-10)?
-11
Let o(u) = u**3 + 7*u**2 - 732*u - 6372. Determine o(-9).
54
Let x(h) = 618*h - 475. Give x(-4).
-2947
Let d(z) = -z**3 + 535*z + 2634. Determine d(-5).
84
Let h(t) = -t**3 - 41*t**2 + 241*t - 1920. Give h(-47).
7
Let s(m) = 304*m - 42077. What is s(134)?
-1341
Let s(d) = -6754533*d - 47281727. Determine s(-7).
4
Let l(t) = -168779*t - 1519017. Give l(-9).
-6
Let q(y) = -6*y**3 - 5*y**2 + y + 70. Determine q(-5).
690
Let u(c) = -135747*c + 271473. Determine u(2).
-21
Let h(u) = -361*u - 101590. Give h(-282).
212
Let b(o) = -25143*o - 5632021. What is b(-224)?
11
Let u(v) = -v**3 - 82*v**2 - 327*v - 317. Give u(-78).
853
Let m(g) = -471*g + 42563. Determine m(90).
173
Let l(i) = i**3 - 146*i**2 - 1287*i - 1988. Calculate l(-2).
-6
Let y(a) = -28*a**3 + 1595*a**2 + 226*a - 9641. Give y(57).
-8
Let h(p) = -51*p**2 - 293*p - 363. What is h(-4)?
-7
Let h(j) = -2850*j - 5186. Calculate h(-2).
514
Let q(g) = 114*g + 727. Determine q(0).
727
Let b(u) = 5*u**3 + 142*u**2 + 47*u - 265. Calculate b(-28).
-13
Let p(y) = y**3 + 5927*y**2 + 65077*y + 18. Determine p(-11).
7
Let r(j) = 2*j**3 - 63*j**2 - 4060*j + 62. Give r(-32).
-66
Let w(u) = 7490*u + 486757. What is w(-65)?
-93
Let o(l) = 1888*l + 39761. Give o(-21).
113
Let m(o) = 10618*o - 488427. Give m(46).
1
Let i(v) = -4*v**2 - 7*v + 861. What is i(21)?
-1050
Let q(o) = -159*o + 1549. Calculate q(11).
-200
Let c(t) = 48913*t + 684859. Give c(-14).
77
Let x(g) = -g**2 + 727*g + 16937. Calculate x(-23).
-313
Let l(o) = -15343*o + 1564990. Give l(102).
4
Let y(c) = -823*c**2 + 131698*c - 2865. Determine y(160).
15
Let f(u) = u**3 - 1336*u**2 + 141515*u + 568. Determine f(116).
-12
Let i(m) = 193*m**3 + 28566*m**2 + 251*m - 6682. Calculate i(-148).
-22
Let w(r) = 22609*r - 723480. What is w(32)?
8
Let h(l) = -16*l**2 - 4170*l + 8379. Calculate h(2).
-25
Let j(c) = c**2 + 556*c + 68050. Calculate j(-182).
-18
Let u(w) = 21*w**2 - 157*w + 5. Calculate u(10).
535
Let b(d) = -d**2 - 118*d + 58512. Calculate b(190).
-8
Let r(z) = -2692*z + 21533. Calculate r(8).
-3
Let j(h) = 985*h + 89673. Give j(-91).
38
Let d(b) = 667*b + 15613. Determine d(-24).
-395
Let r(x) = -3*x**2 - 178518*x + 1249758. What is r(7)?
-15
Let h(u) = 20*u**2 - 64*u - 122. What is h(-6)?
982
Let n(i) = -2*i**3 - 1043*i**2 + 14444*i - 528. Give n(-535).
7
Let l(b) = -136*b + 26062. What is l(195)?
-458
Let m(p) = -p**3 + 38*p**2 + 11*p - 3014. Determine m(36).
-26
Let u(d) = 2*d**3 + 2168*d**2 + 200328*d + 10. Give u(-102).
10
Let q(j) = -j**2 - 41*j + 65. Determine q(15).
-775
Let d(l) = -4450*l**2 - 13326*l + 48. Determine d(-3).
-24
Let v(g) = -381*g**2 + 2680*g + 2938. Give v(8).
-6
Let u(w) = -1675*w**2 - 33615*w - 2303. What is u(-20)?
-3
Let k(a) = 2*a**3 + 23*a**2 + 83*a + 178. Give k(-8).
-38
Let v(c) = 322130*c + 2899210. Give v(-9).
40
Let p(g) = 2*g**3 - 361*g**2 + 1580*g + 740. Calculate p(176).
36
Let m(d) = -79343*d - 237992. Calculate m(-3).
37
Let n(f) = 45*f**2 - 236*f + 4. What is n(6)?
208
Let s(u) = 9796*u + 117783. Determine s(-12).
231
Let r(b) = -b**3 + 353*b**2 - 30733*b + 214. Give r(197).
17
Let t(m) = -2*m**2 - 221*m + 20455. Calculate t(60).
-5
Let a(n) = -109515*n + 876130. Calculate a(8).
10
Let c(b) = -b**3 - 87*b**2 - 1788*b + 3102. What is c(-50)?
2
Let w(o) = -7*o**3 + 545*o**2 + 89*o - 185. What is w(78)?
673
Let d(o) = o**3 + 76*o**2 - 3362*o + 25613. Calculate d(-109).
-2
Let d(y) = -242306*y - 726918. Determine d(-3).
0
Let b(m) = -503*m**2 + 13757*m - 4747. Calculate b(27).
5
Let t(a) = -2939*a + 2933. Give t(1).
-6
Let t(a) = -180*a**2 + 42580*a + 18963. What is t(237)?
3
Let b(z) = -2*z**3 - 25*z**2 - 496*z - 6588. What is b(-13)?
29
Let j(z) = -660*z - 7675. Give j(-9).
-1735
Let t(w) = -w**3 - 88*w**2 - 22193*w - 1864734. Give t(-85).
-4
Let r(f) = 8*f**3 - 6*f**2 - 30*f + 176. Give r(4).
472
Let t(h) = 445*h + 709. What is t(-2)?
-181
Let t(v) = -631*v - 5160. Calcula